22
What is the remainder when 100184 is divided by 4553?
18
Calculate the remainder when 10507415 is divided by 10635.
35
Calculate the remainder when 157038 is divided by 52266.
240
What is the remainder when 271860865 is divided by 17?
10
Calculate the remainder when 155761 is divided by 155606.
155
Calculate the remainder when 41241541 is divided by 9.
4
Calculate the remainder when 18055396 is divided by 40.
36
What is the remainder when 2278366 is divided by 519?
475
What is the remainder when 1080656 is divided by 120056?
152
Calculate the remainder when 7267576 is divided by 49.
43
Calculate the remainder when 75309 is divided by 906.
111
What is the remainder when 6753052 is divided by 5155?
2
What is the remainder when 1322238 is divided by 11111?
29
What is the remainder when 187656 is divided by 108?
60
What is the remainder when 46996 is divided by 23471?
54
Calculate the remainder when 379558 is divided by 74003.
9543
What is the remainder when 332647 is divided by 41495?
687
Calculate the remainder when 583711 is divided by 34272.
1087
Calculate the remainder when 55295055 is divided by 4607921.
3
Calculate the remainder when 100591 is divided by 6285.
31
Calculate the remainder when 4759776 is divided by 194.
180
Calculate the remainder when 7870523 is divided by 2788.
2787
What is the remainder when 1693141 is divided by 1693124?
17
What is the remainder when 936579 is divided by 160?
99
Calculate the remainder when 101925113 is divided by 27.
5
What is the remainder when 62195 is divided by 7742?
259
Calculate the remainder when 120995 is divided by 58819.
3357
What is the remainder when 876190 is divided by 12885?
10
Calculate the remainder when 4250649 is divided by 147.
144
Calculate the remainder when 226057 is divided by 226052.
5
Calculate the remainder when 3539789 is divided by 3539777.
12
What is the remainder when 271707161 is divided by 247?
245
What is the remainder when 248508 is divided by 61679?
1792
What is the remainder when 25184 is divided by 406?
12
What is the remainder when 22168 is divided by 2191?
258
What is the remainder when 4919037 is divided by 288?
285
What is the remainder when 291194 is divided by 520?
514
What is the remainder when 1953154 is divided by 195298?
174
What is the remainder when 61894914 is divided by 367?
364
What is the remainder when 226031658 is divided by 501?
498
What is the remainder when 1153023 is divided by 530?
273
What is the remainder when 820258 is divided by 117150?
208
Calculate the remainder when 12589049 is divided by 1258903.
19
Calculate the remainder when 11043503 is divided by 47397.
2
What is the remainder when 57698 is divided by 116?
46
What is the remainder when 1637517 is divided by 2287?
25
Calculate the remainder when 140026 is divided by 1972.
14
What is the remainder when 44587808 is divided by 179?
161
What is the remainder when 4655950 is divided by 84?
82
Calculate the remainder when 122624899 is divided by 3087.
3085
Calculate the remainder when 49463729 is divided by 24731859.
11
Calculate the remainder when 119127 is divided by 4697.
1702
What is the remainder when 4736892 is divided by 4080?
12
What is the remainder when 961504 is divided by 158?
74
Calculate the remainder when 12440297 is divided by 446.
19
Calculate the remainder when 1096534 is divided by 2264.
758
What is the remainder when 230445 is divided by 57126?
1941
Calculate the remainder when 7885840 is divided by 4005.
4000
Calculate the remainder when 459636 is divided by 45.
6
What is the remainder when 105848872 is divided by 4965?
37
Calculate the remainder when 165135263 is divided by 992.
991
Calculate the remainder when 76731 is divided by 19093.
359
Calculate the remainder when 68600563 is divided by 34300276.
11
Calculate the remainder when 2242432 is divided by 747220.
772
Calculate the remainder when 74524784 is divided by 36.
32
What is the remainder when 7943930 is divided by 7?
1
What is the remainder when 9086278 is divided by 70?
68
Calculate the remainder when 39881 is divided by 39831.
50
What is the remainder when 4096902 is divided by 48196?
242
What is the remainder when 65022811 is divided by 9070?
9051
What is the remainder when 22038 is divided by 195?
3
Calculate the remainder when 67187 is divided by 244.
87
Calculate the remainder when 3926724 is divided by 145434.
6
Calculate the remainder when 183515 is divided by 2286.
635
Calculate the remainder when 378372 is divided by 7423.
7222
What is the remainder when 11873551 is divided by 1?
0
Calculate the remainder when 3258689 is divided by 1998.
1949
Calculate the remainder when 425914 is divided by 106478.
2
Calculate the remainder when 6376196 is divided by 46.
44
Calculate the remainder when 11237216 is divided by 5313.
221
What is the remainder when 938957 is divided by 4429?
9
Calculate the remainder when 840850 is divided by 12936.
10
Calculate the remainder when 101248 is divided by 307.
245
What is the remainder when 8603 is divided by 11?
1
What is the remainder when 1138588 is divided by 1138353?
235
Calculate the remainder when 18971462 is divided by 879.
5
What is the remainder when 2070527 is divided by 512?
511
What is the remainder when 3233508 is divided by 1616693?
122
What is the remainder when 18393304 is divided by 2458?
90
Calculate the remainder when 7379077 is divided by 1229845.
7
What is the remainder when 2788298 is divided by 309802?
80
Calculate the remainder when 669427 is divided by 912.
19
What is the remainder when 1076591915 is divided by 36?
35
Calculate the remainder when 91812 is divided by 91739.
73
What is the remainder when 360150 is divided by 60014?
66
Calculate the remainder when 757647 is divided by 6577.
1292
Calculate the remainder when 3259154 is divided by 255.
254
Calculate the remainder when 25334231 is divided by 63.
41
What is the remainder when 17261 is divided by 2784?
557
What is the remainder when 35896150 is divided by 1756?
1754
What is the remainder when 189022 is divided by 47239?
66
Calculate the remainder when 3722032 is divided by 304.
160
Calculate the remainder when 64990 is divided by 10746.
514
Calculate the remainder when 2525019 is divided by 630861.
1575
What is the remainder when 11502251 is divided by 86483?
12
Calculate the remainder when 52308970 is divided by 666.
664
What is the remainder when 2226457 is divided by 556563?
205
What is the remainder when 15686703 is divided by 1054?
21
Calculate the remainder when 37590565 is divided by 2350.
2315
Calculate the remainder when 146323 is divided by 146281.
42
What is the remainder when 70190594 is divided by 519?
515
Calculate the remainder when 72076 is divided by 8734.
2204
Calculate the remainder when 344507 is divided by 4226.
2201
What is the remainder when 2652466 is divided by 8289?
8275
What is the remainder when 3029538 is divided by 14?
8
What is the remainder when 5067036 is divided by 188?
60
What is the remainder when 1665415 is divided by 120?
55
What is the remainder when 772174 is divided by 51474?
64
Calculate the remainder when 217622 is divided by 217199.
423
Calculate the remainder when 853780 is divided by 2028.
2020
What is the remainder when 77860611 is divided by 2203?
2185
Calculate the remainder when 95960 is divided by 95916.
44
What is the remainder when 93899658 is divided by 16?
10
Calculate the remainder when 40879464 is divided by 44.
32
What is the remainder when 84620932 is divided by 28206970?
22
What is the remainder when 338697 is divided by 312?
177
Calculate the remainder when 6338798 is divided by 3169393.
12
Calculate the remainder when 214851 is divided by 2285.
61
Calculate the remainder when 1744188 is divided by 642.
516
Calculate the remainder when 41783889 is divided by 19663.
14
What is the remainder when 330595 is divided by 483?
223
What is the remainder when 30855395 is divided by 2152?
19
What is the remainder when 167896 is divided by 339?
91
What is the remainder when 341239 is divided by 113734?
37
Calculate the remainder when 4905444 is divided by 573.
564
What is the remainder when 1557677 is divided by 245?
212
What is the remainder when 3771047 is divided by 6?
5
Calculate the remainder when 55612430 is divided by 4886.
